5 + -6?
-34
In base 4, what is -10 + -1201?
-1211
In base 13, what is 184 + 3?
187
In base 11, what is -1 + 93?
92
In base 13, what is -5 + 2c?
27
In base 2, what is 11 - -1100?
1111
In base 3, what is 1022 - 112?
210
In base 10, what is 2 + 918?
920
In base 4, what is 1030 + -11?
1013
In base 14, what is 0 + 1?
1
In base 2, what is 11 - 100000000?
-11111101
In base 15, what is 1 - -41?
42
In base 3, what is -211 - 1211?
-2122
In base 13, what is 309 + 0?
309
In base 15, what is 4 - -72e?
733
In base 3, what is -101010 - 1000?
-102010
In base 11, what is 47 - -7?
53
In base 10, what is 146 - 5?
141
In base 16, what is 3 + 237?
23a
In base 7, what is 4122 - 0?
4122
In base 12, what is 5 - 21b?
-216
In base 12, what is -21 - -12?
-b
In base 4, what is -113 + 23?
-30
In base 4, what is -110 - -10?
-100
In base 11, what is 0 - -108?
108
In base 13, what is -130 + -25?
-155
In base 13, what is 10 + 28?
38
In base 9, what is 5 + 832?
837
In base 14, what is 4 - -34?
38
In base 10, what is 4 - -94?
98
In base 5, what is -11 - -1143?
1132
In base 5, what is 130322 + -4?
130313
In base 12, what is -3a - 147?
-185
In base 16, what is 6679 - -5?
667e
In base 12, what is 644 + -5?
63b
In base 13, what is 12 - 409?
-3c7
In base 2, what is 10101 - 10101?
0
In base 10, what is 8 - -28?
36
In base 15, what is 1c4 - 3?
1c1
In base 14, what is 10 - 29?
-19
In base 16, what is 3 + -d6?
-d3
In base 9, what is -27 + -5?
-33
In base 4, what is -133 + -202?
-1001
In base 3, what is 210 + -2022?
-1112
In base 2, what is 100111 + -10100?
10011
In base 8, what is 15 - -52?
67
In base 10, what is 30 + -14?
16
In base 2, what is 10010100010001 + -1?
10010100010000
In base 7, what is 0 - 20?
-20
In base 8, what is -37712 + -4?
-37716
In base 3, what is -11 - 1020?
-1101
In base 10, what is -4 + -76?
-80
In base 8, what is -17512 + 4?
-17506
In base 5, what is -1 + -240?
-241
In base 10, what is -14 + 2?
-12
In base 14, what is -5a - -5b?
1
In base 16, what is 4 - 2164?
-2160
In base 3, what is -1022 - -10?
-1012
In base 16, what is 5 + -55f?
-55a
In base 5, what is -33 + -343?
-431
In base 3, what is -11 - -112?
101
In base 12, what is 3 - -7b4?
7b7
In base 8, what is 1 - -33?
34
In base 4, what is 123210 + 21?
123231
In base 16, what is -2 - -47?
45
In base 15, what is -15a - 4?
-15e
In base 2, what is -1000 + 10001?
1001
In base 16, what is -7 - 8f?
-96
In base 10, what is 387 - 3?
384
In base 16, what is -cc + -5?
-d1
In base 13, what is 78 + -3?
75
In base 9, what is 2 + 482?
484
In base 3, what is -10 + -11021?
-11101
In base 3, what is -2011112 + 20?
-2011022
In base 15, what is 194 - -2?
196
In base 7, what is 120 - 151?
-31
In base 13, what is -22 + -3?
-25
In base 3, what is 110100 + 0?
110100
In base 3, what is 2012222 + 2?
2020001
In base 2, what is 1110 - 1000001010?
-111111100
In base 10, what is -165 + -4?
-169
In base 7, what is 14 - 330?
-313
In base 10, what is -17 - -14?
-3
In base 15, what is -70 + -9?
-79
In base 8, what is 17 + 13?
32
In base 12, what is -1 - -79?
78
In base 15, what is 2 + 0?
2
In base 4, what is -32 - -10301?
10203
In base 5, what is 3 - 34242?
-34234
In base 5, what is 22 + -4?
13
In base 8, what is -263 - -3?
-260
In base 4, what is -13 - 110?
-123
In base 14, what is -a7 + 4?
-a3
In base 4, what is -300 + -122?
-1022
In base 9, what is 158 + 23?
182
In base 5, what is 100022 + -10?
100012
In base 10, what is 5 + 225?
230
In base 6, what is 10 + -224?
-214
In base 10, what is 8 - 1?
7
In base 11, what is 5 + 100?
105
In base 12, what is -4 + -855?
-859
In base 6, what is 223 - -4?
231
In base 13, what is 40 + 7?
47
In base 8, what is 1 - -7?
10
In base 11, what is 13a - 2a?
110
In base 12, what is -5 - 233?
-238
In base 5, what is -1031 + 2?
-1024
In base 11, what is -3 + -53?
-56
In base 4, what is -2 + -221103?
-221111
In base 15, what is 2d2 + 3?
2d5
In base 3, what is -112001 - 12?
-112020
In base 3, what is 10 + -222?
-212
In base 10, what is 2 - -562?
564
In base 3, what is 10022 + -2?
10020
In base 9, what is -4 + 178?
174
In base 5, what is -121404 + 3?
-121401
In base 7, what is 5 + -3426?
-3421
In base 15, what is 5 - -481?
486
In base 13, what is -1c9 + -39?
-235
In base 6, what is -3 + -112?
-115
In base 11, what is -5 + 161?
157
In base 12, what is 2 + -9b?
-99
In base 13, what is 19892 - 1?
19891
In base 14, what is -72a6 - -5?
-72a1
In base 11, what is -5 - 52?
-57
In base 10, what is -77 + -12?
-89
In base 3, what is 102 - -1010?
1112
In base 2, what is -111 + -1000001011?
-1000010010
In base 12, what is -518 - -2?
-516
In base 2, what is -1011001 - 1?
-1011010
In base 13, what is 706 - c?
6c7
In base 2, what is -100 + 110000?
101100
In base 3, what is -12 - 1211?
-2000
In base 12, what is 559 + 1?
55a
In base 11, what is -81 + 9?
-73
In base 16, what is 0 - -d6?
d6
In base 2, what is -110 + -100000?
-100110
In base 13, what is 253 - -10?
263
In base 3, what is 1 - 22002222?
-22002221
In base 8, what is 0 - 460?
-460
In base 12, what is -2 - 59?
-5b
In base 15, what is -2c + d?
-1e
In base 4, what is -1 - 20211?
-20212
In base 13, what is -1b4 + 2?
-1b2
In base 5, what is 113 - -211?
324
In base 9, what is 186 - 5?
181
In base 13, what is -726 + 8?
-71b
In base 9, what is -58 - -146?
77
In base 14, what is -8 - -37?
2d
In base 16, what is -1b - 23?
-3e
In base 5, what is 4002 - 24?
3423
In base 6, what is -143 + -11?
-154
In base 12, what is -2 + -1122?
-1124
In base 5, what is 120111 + -10?
120101
In base 14, what is -1 + b6?
b5
In base 5, what is -1 + -231?
-232
In base 4, what is -3121 - 233?
-10020
In base 12, what is -323 - a?
-331
In base 9, what is -67 - -2?
-65
In base 7, what is -5 - -2544?
2536
In base 16, what is -a + -19f?
-1a9
In base 15, what is 1a1 - -16?
1b7
In base 16, what is 2a - 3d?
-13
In base 10, what is -3 - -134?
131
In base 10, what is 20 - 24?
-4
In base 6, what is -352 + -4?
-400
In base 13, what is -30 + 5cc?
59c
In base 5, what is 340 - -132?
1022
In base 2, what is -10100 + -1100110111?
-1101001011
In base 2, what is 11 - -11000?
11011
In base 14, what is 17 - -ab?
c4
In base 3, what is 1201 - -1010?
2211
In base 8, what is 173 - -27?
222
In base 15, what is b + 8?
14
In base 12, what is 43 - 65?
-22
In base 4, what is 1 - -22203?
22210
In base 8, what is -244 - -47?
-175
In base 2, what is -10100 - 1111011001?
-1111101101
In base 2, what is 10 - -11001100?
11001110
In base 7, what is -263 - -4?
-256
In base 12, what is 2 - -17?
19
In base 8, what is 32 - -3?
35
In base 4, what is 2 - -3230?
3232
In base 9, what is -3 + -42?
-45
In base 13, what is -149 - 6?
-152
In base 6, what is 2134 + -11?
2123
In base 5, what is 3 + 2431?
2434
In base 6, what is 4 + 20?
24
In base 9, what is 8 - 23?
-14
In base 15, what is 4 + 449?
44d
In base 10, what is 242 - 3?
239
In base 12, what is -31a + -1?
-31b
In base 7, what is -21552 - -5?
-21544
In base 10, what is -236 + -30?
-266
In base 8, what is 37 - 1?
36
In base 8, what is -5 - 2?
-7
In base 12, what is aab + 3?
ab2
In base 13, what is 4 + -71?
-6a
In base 3, what is 10210111 + -11?
10210100
In base 8, what is -367 - 4?
-373
In base 13, what is -19 - 12?
-2b
In base 13, what is -6 - -31?
28
In base 15, what is 4 + b6?
ba
In base 13, what is -2 - -c2?
c0
In base 3, what is 1101 + -20221?
-12120
In base 5, what is -10 + 113?
103
In base 2, what is 10101 - 10?
10011
In base 2, what is 111 + 11?
1010
In base 6, what is 21 + -2?
15
In base 9, what is -5826 + 5?
-5821
In base 13, what is 3 - 2b?
-28
In base 5, what is 10 + 2414?
2424
In base 10, what is -17 + 4?
-13
In base 3, what is -20 + -2000201?
-2000221
In base 15, what is -503 + -4?
-507
In base 9, what is 614 + 37?
652
In base 6, what is -4 - -2401?
2353
In base 8, what is 20 - 45?
-25
In base 12, what is 64 - -3?
67
In base 13, what is -2a8 - 5?
-2b0
In base 10, what is -2 + -7?
-9
In base 8, what is 440 + -17?
421
In base 12, what is -10 + 233?
223
In base 7, what is -2 + 400?
365
In base 12, what is 3 + 1a00?
1a03
In base 14, what is 5 - -19?
20
In base 14, what is 3 - 15b6?
-15b3
In base 10, what is -2 + -537?
-539
In base 3, what is -211002 + -11?
-211020
In base 10, what is 5 + 33?
38
In base 3, what is 1002 - -1001?
2010
In base 7, what is 434 + 2?
436
In base 14, what is 1 + -64?